 36/8*4/x. Let u = i - -11. What is the units digit of u?
5
Suppose -6*b + b = -70. What is the units digit of b?
4
What is the hundreds digit of (80/24)/(2/129)?
2
Suppose -b - 6 = -h + 2, -b - 13 = -2*h. Let q = 11 + b. What is the units digit of q?
8
Let s be (-1 + 0)*(-18)/(-6). Let h = 4 + s. What is the units digit of h?
1
Let i(v) = -v**2 - 6*v + 6. Let n be (-192)/14 + 2/(-7). Let j = -20 - n. What is the units digit of i(j)?
6
Suppose 0 = 3*k + 46 - 202. What is the tens digit of k?
5
What is the units digit of 262 - (1 + -4)*4/(-3)?
8
Suppose 0 = 3*g + 2*g + 45. Let t(d) = -9*d**3 + 9*d + 5 + 8 - 8*d**2 + 8*d**3. What is the tens digit of t(g)?
1
Let t(q) = q**3 - 5*q**2 + 3. Let r be t(5). Let w be (-2)/(r*6/(-27)). What is the units digit of 17*(-1 + w + -1)?
7
Let r(v) be the third derivative of v**5/60 - v**3/6 + 4*v**2. Let d be r(1). Suppose d = 5*p - 45 + 10. What is the units digit of p?
7
Let a be (-23)/(-7) + (-22)/77. Suppose a*o = 4*o - 6. What is the units digit of o?
6
Let a(u) = -u + 9. Let h = 1 - 1. What is the units digit of a(h)?
9
Suppose 0 = 5*d - 5*z + 8 - 23, -3*z - 1 = 5*d. Let o = d + 3. What is the units digit of o?
4
What is the units digit of (-2)/(-10) - 26673/(-85)?
4
What is the units digit of 4/(-3)*(-48)/32?
2
Let c = -1 - -2. Suppose w = -0*w - c. What is the units digit of -2*w/(-4)*-4?
2
Suppose 3*x - 2*r = 512, 2*r - 328 = -x - x. What is the units digit of x?
8
Let t(o) be the third derivative of 7*o**5/60 + o**3/6 - 3*o**2. Let j(a) = -a + 2. Let b be j(3). What is the units digit of t(b)?
8
Suppose 5*v + 10 = -0*i + 4*i, -2*i - 5*v = -20. Suppose 3*l + i*a = 34, 6*a = -2*l + 2*a + 24. What is the tens digit of 2/(-5)*l*-5?
1
Let q = 10 - 6. Suppose k = 3*k - q. Suppose 0 = k*c + c + 3*f - 27, c = 5*f + 21. What is the units digit of c?
1
Let z = 21 - 20. What is the units digit of z?
1
Suppose -3*w - w = -4*o - 104, -5*w - 3*o + 130 = 0. Suppose -1 = m + 5*z, 5*m + 2*z - 38 = w. Let s = -9 + m. What is the units digit of s?
5
Let j be 180/27*30/(-4). Let h = -26 - j. What is the tens digit of h?
2
Let v = 1 + 10. Let g = 11 + v. What is the units digit of g?
2
Let r(k) = -5*k**2 + 4*k + 0 - 1 + 4*k**2. What is the units digit of r(3)?
2
Let w be ((-5)/((-5)/(-2)))/(-2). Let c = w + 1. Suppose -j + 33 = c*j. What is the units digit of j?
1
Let n(f) be the first derivative of -7*f**2/2 - f - 2. What is the tens digit of n(-4)?
2
Let y(h) = -h - 13. Let b be y(-10). Let u be (3/b)/((-3)/48). Let l = u + -9. What is the units digit of l?
7
Suppose -2*c + 6*c - 218 = -3*h, -4*h - 120 = -2*c. What is the units digit of c?
6
Let l(i) = i**3 - 13*i**2 - 8*i + 4. Let p be l(6). What is the units digit of (-2)/7 + p/(-56)?
5
Suppose 3*i = -i - 5*o + 22, 5*o = -3*i + 19. Suppose -i*s - 8 = -5*s. What is the units digit of s/(-6)*(-12)/1?
8
Let d(q) be the third derivative of -q**5/60 - 5*q**4/8 + 3*q**3/2 - 6*q**2. What is the tens digit of d(-11)?
5
Suppose p + 2 + 5 = -2*x, 2 = 3*x + 4*p. Let i = 7 + x. What is the units digit of i?
1
What is the units digit of (58/(-4))/(2/12)*-1?
7
Let o = 20 + 246. What is the hundreds digit of o?
2
Let j be (0 + -2)*(2 - 1). What is the units digit of (-1)/j*(5 + 5)?
5
Suppose -588 = -4*c - 4*o, -298 = -2*c - 5*o - 19. What is the units digit of c?
2
Let l(o) = -o + 8. Let t(v) = v**2 - 5*v - 2. Let m be t(6). Suppose 4*r + 2*a - 28 = 0, -3*r - m*a + 5*a = -16. What is the units digit of l(r)?
2
Let z = 2 + -2. Suppose -2*o - 3 + 29 = z. Suppose -2*i = -t - o, -i - t = -2*i + 7. What is the units digit of i?
6
Let a(c) = -c**2 - 9*c - 2. What is the tens digit of a(-5)?
1
Let y(q) = 6*q + 1. What is the units digit of y(3)?
9
Let p = 28 - -10. What is the units digit of p?
8
Let x be 0 - (2/(-1) - 22). Let h = 0 + x. Suppose 0*l = 3*l - h. What is the units digit of l?
8
Suppose 3*k - 2*k - 68 = 0. What is the units digit of k?
8
Suppose 3*o + 28 = -35. Let m = -31 - o. Let u = m - -16. What is the units digit of u?
6
What is the tens digit of 94/4 + 2/(-4)?
2
Suppose 36 = 2*k + 2*k. Suppose -u - 2*f + k = -0*u, u - 3*f + 1 = 0. What is the units digit of u?
5
Let s = 15 + -12. Suppose s*x - 7 = -4, f - 3*x - 29 = 0. What is the units digit of f?
2
Suppose m + m + 16 = 0. Let j = -5 - m. What is the units digit of j?
3
Let h(j) = j**2 + 2*j - 3. Let a be h(8). What is the units digit of 158/22 + (-14)/a?
7
Let p = -8 - -31. What is the units digit of p?
3
Let n be (40/12)/((-2)/6). What is the units digit of 2/n - (-16)/5?
3
Let q = -2 + 6. Let m(o) = -o**2 + 7*o - 1. What is the tens digit of m(q)?
1
Let t be ((-2)/1 + 2)/1. Suppose -n + 4*o + 1 + 12 = t, 4*n + 24 = -3*o. What is the units digit of (n/(-2))/((-3)/(-10))?
5
Let f = -52 - -111. Let s = f + -42. What is the units digit of s?
7
Let x be (-2744)/(-24) + (-4)/(-6). Suppose -2*u + x = 3*u. What is the tens digit of u?
2
Let y(b) = -5*b + 11. Let j(k) = 11*k - 22. Let q be (2/(-4))/(1/6). Let s(t) = q*j(t) - 7*y(t). What is the units digit of s(8)?
5
Suppose -5*g + 113 = -4*j, 3*j + 40 = 2*g - 1. What is the tens digit of g?
2
Suppose -5*n + 101 = 3*g, -131 = -4*g - n - 2*n. Suppose v = 4*v + 4*b - 22, -4*b = 4*v - g. What is the tens digit of v?
1
What is the tens digit of 2*35/(-4)*-2?
3
Suppose 0 = -5*g - 2 - 13. Let k be (24/(-9))/4*g. Suppose n - 12 = -k*u + 18, -3*n = -12. What is the tens digit of u?
1
What is the tens digit of 153 + ((-2)/(-6))/(3/27)?
5
Suppose 5*n - 88 = 182. What is the units digit of n?
4
Let v = 6 - 3. Suppose 0 = -4*f + v*m + 2 + 8, 4*f + 2*m - 20 = 0. What is the units digit of f?
4
Let p be 68/16 - 2/8. Suppose -k + 3*a - 10 = -2*k, p*a + 4 = 3*k. Suppose 0 = r - u - 8, -r = -0*r - k*u - 17. What is the units digit of r?
5
Let h = 302 + -181. What is the units digit of h?
1
Suppose 3*u = -318 - 237. Let n be 12*(10/(-4))/(-5). What is the tens digit of 4/n - u/15?
1
Let w(r) = -r**3 - 11*r**2 + 18*r - 15. What is the units digit of w(-13)?
9
Let c(s) = s + 11. Let p be c(-9). Suppose -p*g + 3 = -g. Suppose -1 = 2*j - g. What is the units digit of j?
1
Suppose -4*k = 26 - 102. Let b = k + -11. What is the units digit of b?
8
Suppose 14 = -3*b - 46. Let j = b - -35. Let k = 21 - j. What is the units digit of k?
6
Suppose 8*v = 6*v + 112. What is the tens digit of 3*v/36*3?
1
Suppose 6*i = 5*i - 1. Let l(b) = 20*b**2 + b + 1. What is the tens digit of l(i)?
2
Let d(s) = s**2 + 8*s + 6. Let q(a) be the second derivative of -a**3/6 - 4*a**2 - a. Let r be q(0). What is the units digit of d(r)?
6
What is the units digit of ((-94)/4)/(2/(-4))?
7
Suppose h + 2 = 11. What is the units digit of h?
9
Let h be (41 - 1)*2/4. Suppose j + 4 = 5*j, j + h = 3*d. Suppose -3*i = -5*b + 8, 0 = 4*b - d*b - 5*i + 32. What is the units digit of b?
4
Let v(l) = -14*l**3 + 5*l**2 + 5*l + 5. Let q(b) = 7*b**3 - 2*b**2 - 2*b - 2. Let g(f) = 5*q(f) + 2*v(f). What is the units digit of g(1)?
7
What is the tens digit of ((-1)/3)/(-2 - 466/(-234))?
3
Suppose -5*y + 0*y = 0. Suppose y = -5*t + 46 + 59. What is the units digit of (-4)/(-2)*t/6?
7
Let o = -115 - -183. What is the units digit of o?
8
Let l be 1 - 2/4*-6. Let u be (-178)/12 - l/24. Let d = -6 - u. What is the units digit of d?
9
Let g(h) = h**2 + 4*h + 3. Let d be g(-4). Suppose -13 = -2*c + 3*s, 2*c = -d*s - 3 - 2. What is the units digit of c?
2
Let m = -34 + 17. Let d be -1 + -1 - (m + 2). What is the tens digit of d - ((-2 - -3) + -4)?
1
Suppose u + 0*u - 27 = 0. What is the units digit of u?
7
Suppose 0 = -3*z - 12 + 27. Suppose -4*i - z*j + 109 = -17, 5*i - 4*j - 137 = 0. What is the tens digit of i?
2
Suppose -89 - 25 = -2*o - 5*p, 63 = o + p. Let v = -28 + o. What is the units digit of v?
9
Suppose -h = 2*h - 24. What is the units digit of h?
8
Suppose 0 = -3*n - n + w + 3, -2*w - 6 = 0. Suppose 4*p - 3*o = 8, n = -2*p - 0*o + o + 6. Suppose -p = -l + 6. What is the units digit of l?
1
Let t(h) = -h**3 + 5*h**2 - 1. Let w be t(3). What is the units digit of (-12 + 14)*w/2?
7
Suppose o + 6 = -2*o. What is the tens digit of 2 + -1 + 11 + o?
1
What is the units digit of (4/(-5))/(5/(-50))?
8
Suppose 4*b - 63 = 17. Let l be ((-75)/b)/(6/(-64)). Suppose 3*h - h - l = 0. What is the units digit of h?
0
Suppose 3*f + 4 = 4*f. Suppose -4*